{"id":111788,"date":"2022-09-30T21:10:23","date_gmt":"2022-09-30T21:10:23","guid":{"rendered":"https:\/\/sensewise.de\/?post_type=portfolio&#038;p=111788"},"modified":"2025-12-10T07:51:09","modified_gmt":"2025-12-10T07:51:09","slug":"die-kraft-der-dunkelheit","status":"publish","type":"portfolio","link":"https:\/\/sensewise.de\/en\/events\/die-kraft-der-dunkelheit\/","title":{"rendered":"Die Kraft der Dunkelheit"},"content":{"rendered":"<div class=\"wpb-content-wrapper\"><p>[vc_row row_height_percent=&#8221;0&#8243; override_padding=&#8221;yes&#8221; h_padding=&#8221;2&#8243; top_padding=&#8221;4&#8243; bottom_padding=&#8221;4&#8243; overlay_alpha=&#8221;50&#8243; gutter_size=&#8221;3&#8243; column_width_percent=&#8221;100&#8243; shift_y=&#8221;0&#8243; z_index=&#8221;0&#8243; uncode_shortcode_id=&#8221;190074&#8243;][vc_column width=&#8221;2\/3&#8243;][vc_column_text text_lead=&#8221;yes&#8221; uncode_shortcode_id=&#8221;190334&#8243;]Das Licht und die Dunkelheit sind Polarit\u00e4ten, die wir beide brauchen, um in Balance zu sein. Wenn wir uns immer nur in h\u00f6chster Aktivit\u00e4t durchs Leben bewegen, verlieren wir bald unsere Kraft. Alle Tiere leben im Einklang mit den Zyklen und Rhythmen der Natur &#8211; genau so k\u00f6nnen wir es auch tun. Das macht das Leben reicher und leichter.<\/p>\n<p>F\u00fcr die Kelten galt das Mondfest Samhain als ein Naujahrsfest, das den Beginn einer neuen Zyklusphase markiert.<\/p>\n<p>Die 12 Dunkeln\u00e4chte oder Sperrn\u00e4chte beginnen um Mitternacht am 8.\/ 9. Dezember.<\/p>\n<p>Zwischen den Dunkeln\u00e4chten und den Raun\u00e4chten liegt die Wintersonnenwende. Sie f\u00e4llt in diesem Jahr mit dem Neumond zusammen, was eine ganz spezielle Konstellation ist.[\/vc_column_text][vc_icon icon=&#8221;fa fa-asterisk&#8221; uncode_shortcode_id=&#8221;337785&#8243;][\/vc_icon][vc_column_text text_lead=&#8221;yes&#8221; uncode_shortcode_id=&#8221;456301&#8243;]In diesem Mini-Retreat erf\u00e4hrst du etwas \u00fcber die Bedeutung Dunkeln\u00e4chte und die Wintersonnenwende. Die Dunkeln\u00e4chte sind eine Zeit um loszulassen, das Jahr zu reflektieren und Raum zu schaffen f\u00fcr die n\u00e4chste Zyklusphase, die mit der der Wintersonnenwende beginnt.<\/p>\n<p>Das Mini-Retreat ist auch eine Vorbereitung auf die Raun\u00e4chte.<\/p>\n<p>Vom 25.12. &#8211; 5.1.2026 biete ich das Online Mini-Retreat <a href=\"https:\/\/sensewise.de\/events\/die-12-raunaechte\/\" target=\"_blank\" rel=\"noopener\">Die 12 Raun\u00e4chte<\/a> an und 2026 eine <a href=\"https:\/\/sensewise.de\/events\/jahreskreis-begleitung\/\" target=\"_blank\" rel=\"noopener\">Jahreskreis-Begleitung<\/a> an, die dich durch alle acht Jahreskreisfeste f\u00fchrt.[\/vc_column_text][vc_column_text text_lead=&#8221;yes&#8221; uncode_shortcode_id=&#8221;163901&#8243;]<strong>DIE DUNKELN\u00c4CHTE &amp; DIE WINTERSONNENWENDE<br \/>\n<\/strong>Online-Mini-Retreat<br \/>\n5. &#8211; 21. Dezember 2025<\/p>\n<p><strong>Was du bekommst:\u00a0<\/strong><\/p>\n<ul>\n<li>2 Impulse (einen Mini-Podcast und ein Video)<\/li>\n<li>Wissen \u00fcber die Dunkeln\u00e4chte und die Wintersonnenwende<\/li>\n<li>Impulse, um die Dunkelheit als Quelle der Sinnlichkeit, Geborgenheit und Ruhe zu erleben<\/li>\n<li>Eine Meditation f\u00fcr das Loslassen<\/li>\n<li>Kreatives Schreiben f\u00fcr die Reflexion<\/li>\n<li>Zwei Playlists f\u00fcr eine Tanzmeditation<\/li>\n<li>Praktische \u00dcbungen und Impulse f\u00fcr den Alltag<\/li>\n<li>Vorbereitung auf die <a href=\"https:\/\/sensewise.de\/events\/die-12-raunaechte\/\" target=\"_blank\" rel=\"noopener\">12 Raun\u00e4chte<\/a><\/li>\n<li>Austausch im Frauenkreis in einer WhatsApp-\/Signalgruppe (optional)<\/li>\n<\/ul>\n<p><strong>Die Audio-Impulse und Videos<br \/>\n<\/strong>\u2026sind nicht vorgefertigt &#8211; sie entstehen im Einklang mit der aktuellen Zeitqualit\u00e4t und den sich wandelnden Energien und Mondzyklen.<\/p>\n<p><strong>Sie kommen zu dir&#8230;<\/strong><br \/>\nzum Vollmond am 5. Dezember<br \/>\n&amp; zur Wintersonnenwende<\/p>\n<p><strong>Du entscheidest<\/strong>,<br \/>\nob du das Mini-Retreat ganz f\u00fcr dich allein machen m\u00f6chtest, oder in den Austausch mit den anderen Frauen kommst.[\/vc_column_text][\/vc_column][vc_column width=&#8221;1\/3&#8243;][vc_column_text uncode_shortcode_id=&#8221;807636&#8243;]<strong>Termine und Ort<\/strong><\/p>\n<p><strong>DIE DUNKELN\u00c4CHTE &amp; DIE WINTERSONNENWENDE<br \/>\n<\/strong>Online-Mini-Retreat<br \/>\n5. bis 21. Dezember 2025<\/p>\n<p><strong>PREIS<\/strong><\/p>\n<p>24 \/ 18 \/ 12 Euro<br \/>\nFreundinnenpreis &#8211; 20 Euro<br \/>\nAnmeldung bis 9. Dezember<\/p>\n<p>W\u00e4hle je nach Einkommen aus den drei Kategorien deinen Preis und buche deinen Platz: Dunkeln\u00e4chte.<br \/>\n<a href=\"http:\/\/paypal.me\/JuliaJohanns\" target=\"_blank\" rel=\"noopener\">paypal.me\/JuliaJohanns<\/a> (Familie &amp; Freunde). Du kannst auch per \u00dcberweisung bezahlen.<br \/>\noder reserviere deinen Platz per Email: <a href=\"julia.johannsen@gmail.com\" target=\"_blank\" rel=\"noopener\">julia.johannsen@gmail.com<\/a> oder Signal \/ WhatsApp \/ sms: 0177.5884648[\/vc_column_text][\/vc_column][\/vc_row]<\/p>\n<\/div>","protected":false},"excerpt":{"rendered":"<p>ein Online Mini-Retreat<br \/>\nDie Dunkeln\u00e4chte &#038; die Wintersonnenwende<br \/>\n5. &#8211; 21. Dezember <\/p>\n","protected":false},"author":3,"featured_media":111356,"parent":0,"menu_order":0,"comment_status":"open","ping_status":"open","template":"","meta":{"footnotes":""},"portfolio_category":[],"class_list":["post-111788","portfolio","type-portfolio","status-publish","has-post-thumbnail","hentry"],"_links":{"self":[{"href":"https:\/\/sensewise.de\/en\/wp-json\/wp\/v2\/portfolio\/111788","targetHints":{"allow":["GET"]}}],"collection":[{"href":"https:\/\/sensewise.de\/en\/wp-json\/wp\/v2\/portfolio"}],"about":[{"href":"https:\/\/sensewise.de\/en\/wp-json\/wp\/v2\/types\/portfolio"}],"author":[{"embeddable":true,"href":"https:\/\/sensewise.de\/en\/wp-json\/wp\/v2\/users\/3"}],"replies":[{"embeddable":true,"href":"https:\/\/sensewise.de\/en\/wp-json\/wp\/v2\/comments?post=111788"}],"version-history":[{"count":88,"href":"https:\/\/sensewise.de\/en\/wp-json\/wp\/v2\/portfolio\/111788\/revisions"}],"predecessor-version":[{"id":112273,"href":"https:\/\/sensewise.de\/en\/wp-json\/wp\/v2\/portfolio\/111788\/revisions\/112273"}],"wp:featuredmedia":[{"embeddable":true,"href":"https:\/\/sensewise.de\/en\/wp-json\/wp\/v2\/media\/111356"}],"wp:attachment":[{"href":"https:\/\/sensewise.de\/en\/wp-json\/wp\/v2\/media?parent=111788"}],"wp:term":[{"taxonomy":"portfolio_category","embeddable":true,"href":"https:\/\/sensewise.de\/en\/wp-json\/wp\/v2\/portfolio_category?post=111788"}],"curies":[{"name":"wp","href":"https:\/\/api.w.org\/{rel}","templated":true}]}}

<div class="wpb-content-wrapper"><p>[vc_row row_height_percent=&#8221;0&#8243; override_padding=&#8221;yes&#8221; h_padding=&#8221;2&#8243; top_padding=&#8221;4&#8243; bottom_padding=&#8221;4&#8243; overlay_alpha=&#8221;50&#8243; gutter_size=&#8221;3&#8243; column_width_percent=&#8221;100&#8243; shift_y=&#8221;0&#8243; z_index=&#8221;0&#8243; uncode_shortcode_id=&#8221;190074&#8243;][vc_column width=&#8221;2/3&#8243;][vc_column_text text_lead=&#8221;yes&#8221; uncode_shortcode_id=&#8221;190334&#8243;]Das Licht und die Dunkelheit sind Polaritäten, die wir beide brauchen, um in Balance zu sein. Wenn wir uns immer nur in höchster Aktivität durchs Leben bewegen, verlieren wir bald unsere Kraft. Alle Tiere leben im Einklang mit den Zyklen und Rhythmen der Natur &#8211; genau so können wir es auch tun. Das macht das Leben reicher und leichter.</p>
<p>Für die Kelten galt das Mondfest Samhain als ein Naujahrsfest, das den Beginn einer neuen Zyklusphase markiert.</p>
<p>Die 12 Dunkelnächte oder Sperrnächte beginnen um Mitternacht am 8./ 9. Dezember.</p>
<p>Zwischen den Dunkelnächten und den Raunächten liegt die Wintersonnenwende. Sie fällt in diesem Jahr mit dem Neumond zusammen, was eine ganz spezielle Konstellation ist.[/vc_column_text][vc_icon icon=&#8221;fa fa-asterisk&#8221; uncode_shortcode_id=&#8221;337785&#8243;][/vc_icon][vc_column_text text_lead=&#8221;yes&#8221; uncode_shortcode_id=&#8221;456301&#8243;]In diesem Mini-Retreat erfährst du etwas über die Bedeutung Dunkelnächte und die Wintersonnenwende. Die Dunkelnächte sind eine Zeit um loszulassen, das Jahr zu reflektieren und Raum zu schaffen für die nächste Zyklusphase, die mit der der Wintersonnenwende beginnt.</p>
<p>Das Mini-Retreat ist auch eine Vorbereitung auf die Raunächte.</p>
<p>Vom 25.12. &#8211; 5.1.2026 biete ich das Online Mini-Retreat <a href="https://sensewise.de/events/die-12-raunaechte/" target="_blank" rel="noopener">Die 12 Raunächte</a> an und 2026 eine <a href="https://sensewise.de/events/jahreskreis-begleitung/" target="_blank" rel="noopener">Jahreskreis-Begleitung</a> an, die dich durch alle acht Jahreskreisfeste führt.[/vc_column_text][vc_column_text text_lead=&#8221;yes&#8221; uncode_shortcode_id=&#8221;163901&#8243;]<strong>DIE DUNKELNÄCHTE &amp; DIE WINTERSONNENWENDE<br />
</strong>Online-Mini-Retreat<br />
5. &#8211; 21. Dezember 2025</p>
<p><strong>Was du bekommst: </strong></p>
<ul>
<li>2 Impulse (einen Mini-Podcast und ein Video)</li>
<li>Wissen über die Dunkelnächte und die Wintersonnenwende</li>
<li>Impulse, um die Dunkelheit als Quelle der Sinnlichkeit, Geborgenheit und Ruhe zu erleben</li>
<li>Eine Meditation für das Loslassen</li>
<li>Kreatives Schreiben für die Reflexion</li>
<li>Zwei Playlists für eine Tanzmeditation</li>
<li>Praktische Übungen und Impulse für den Alltag</li>
<li>Vorbereitung auf die <a href="https://sensewise.de/events/die-12-raunaechte/" target="_blank" rel="noopener">12 Raunächte</a></li>
<li>Austausch im Frauenkreis in einer WhatsApp-/Signalgruppe (optional)</li>
</ul>
<p><strong>Die Audio-Impulse und Videos<br />
</strong>…sind nicht vorgefertigt &#8211; sie entstehen im Einklang mit der aktuellen Zeitqualität und den sich wandelnden Energien und Mondzyklen.</p>
<p><strong>Sie kommen zu dir&#8230;</strong><br />
zum Vollmond am 5. Dezember<br />
&amp; zur Wintersonnenwende</p>
<p><strong>Du entscheidest</strong>,<br />
ob du das Mini-Retreat ganz für dich allein machen möchtest, oder in den Austausch mit den anderen Frauen kommst.[/vc_column_text][/vc_column][vc_column width=&#8221;1/3&#8243;][vc_column_text uncode_shortcode_id=&#8221;807636&#8243;]<strong>Termine und Ort</strong></p>
<p><strong>DIE DUNKELNÄCHTE &amp; DIE WINTERSONNENWENDE<br />
</strong>Online-Mini-Retreat<br />
5. bis 21. Dezember 2025</p>
<p><strong>PREIS</strong></p>
<p>24 / 18 / 12 Euro<br />
Freundinnenpreis &#8211; 20 Euro<br />
Anmeldung bis 9. Dezember</p>
<p>Wähle je nach Einkommen aus den drei Kategorien deinen Preis und buche deinen Platz: Dunkelnächte.<br />
<a href="http://paypal.me/JuliaJohanns" target="_blank" rel="noopener">paypal.me/JuliaJohanns</a> (Familie &amp; Freunde). Du kannst auch per Überweisung bezahlen.<br />
oder reserviere deinen Platz per Email: <a href="julia.johannsen@gmail.com" target="_blank" rel="noopener">julia.johannsen@gmail.com</a> oder Signal / WhatsApp / sms: 0177.5884648[/vc_column_text][/vc_column][/vc_row]</p>
</div>

<p>ein Online Mini-Retreat<br />
Die Dunkelnächte &#038; die Wintersonnenwende<br />
5. &#8211; 21. Dezember </p>
